{"id":43,"date":"2020-03-25T11:47:39","date_gmt":"2020-03-25T11:47:39","guid":{"rendered":"http:\/\/beta.tosun-bau.de\/?page_id=43"},"modified":"2022-10-26T21:10:46","modified_gmt":"2022-10-26T21:10:46","slug":"unsere-leistungen","status":"publish","type":"page","link":"https:\/\/sarbaugmbh.de\/?page_id=43","title":{"rendered":"UNSERE LEISTUNGEN"},"content":{"rendered":"\n<figure class=\"wp-block-image alignwide size-large\"><img decoding=\"async\" src=\"https:\/\/sarbaugmbh.de\/wp-content\/uploads\/2020\/03\/2463445_w-1024x268.jpg\" alt=\"\"\/><\/figure>\n\n\n\n<p> Ein besonderes Augenmerk bei der Umsetzung unserer Auftr\u00e4ge, legen wir vor allem auf die Bed\u00fcrfnisse unserer Kunden. Wir organisieren die Sanierung Ihrer Objekte so, dass Ihr interner Betriebsablauf m\u00f6glichst ohne Einschr\u00e4nkungen fortgesetzt werden kann. So konnten wir viele unserer Bauwerke f\u00fcr sich selbst sprechen lassen.  <\/p>\n\n\n\n<div class=\"wp-block-columns is-layout-flex wp-container-core-columns-is-layout-1 wp-block-columns-is-layout-flex\">\n<div class=\"wp-block-column is-layout-flow wp-block-column-is-layout-flow\" style=\"flex-basis:33.33%\">\n<figure class=\"wp-block-image aligncenter size-large\"><img decoding=\"async\" src=\"https:\/\/sarbaugmbh.de\/wp-content\/uploads\/2020\/03\/1022-1024x576.jpg\" alt=\"\"\/><\/figure>\n<\/div>\n\n\n\n<div class=\"wp-block-column is-layout-flow wp-block-column-is-layout-flow\" style=\"flex-basis:66.66%\">\n<p>Jahrzehntelange Erfahrung und zahlreiche umgesetzte Projekte bilden den Grundstein unserer heutigen Arbeit. Besonderen Wert legen wir bei der Zusammenarbeit mit unseren Kunden auf Vertrauen durch Qualit\u00e4t, Termintreue und Kostenbewusstsein. Wir wissen, dass ein Geb\u00e4ude etwas sehr wertvolles ist und unsere Kunden darauf vertrauen, dass wir sorgsam damit umgehen. Diesen Grundsatz werden wir bei unserer Arbeit stets als oberste Pr\u00e4misse beachten.<\/p>\n<\/div>\n<\/div>\n\n\n\n<p>Leiter unseres Familienunternehmens ist Mehmet Tosun. Als Kopf unseres Teams, bestehend aus 16 Facharbeitern und 6 weiteren Mitarbeitern, koordiniert er die Arbeitsabl\u00e4ufe und ist direkter Ansprechpartner unserer Kunden und \u00f6ffentlicher Verwaltungen.<\/p>\n\n\n\n<div class=\"wp-block-columns is-layout-flex wp-container-core-columns-is-layout-2 wp-block-columns-is-layout-flex\">\n<div class=\"wp-block-column is-layout-flow wp-block-column-is-layout-flow\" style=\"flex-basis:66.66%\">\n<p> Die Messlatte, die wir als Ma\u00dfstab unserer Arbeit nehmen, m\u00fcssen wir auch an unsere Partner anlegen. Daher sind wir besonders stolz auf unser Netzwerk von Partnerunternehmen, welches sich \u00fcber die Jahre unserer T\u00e4tigkeit in der Baubranche aufgebaut und gefestigt hat. Wir als Familienunternehmen arbeiten ausschlie\u00dflich mit bewehrten Partnern zusammen, die sich unser Vertrauen \u00fcber die letzten Jahre verdient haben.  <\/p>\n<\/div>\n\n\n\n<div class=\"wp-block-column is-layout-flow wp-block-column-is-layout-flow\" style=\"flex-basis:33.33%\">\n<figure class=\"wp-block-image aligncenter size-large\"><img decoding=\"async\" src=\"https:\/\/sarbaugmbh.de\/wp-content\/uploads\/2020\/03\/11031-1024x512.jpg\" alt=\"\"\/><\/figure>\n<\/div>\n<\/div>\n\n\n\n<p>Ob Altbau oder Neubau wir betreuen unsere Kunden von der Planung der Sanierung bis zur Fertigstellung des gesamten Projektes. W\u00e4hrend allen Projektphasen m\u00f6chten wir unseren Kunden ein Maximum an Flexibilit\u00e4t und Sicherheit geben. Der Dialog zwischen uns und unseren Kunden steht daher stets im Vordergrund. <\/p>\n","protected":false},"excerpt":{"rendered":"<p>Ein besonderes Augenmerk bei der Umsetzung unserer Auftr\u00e4ge, legen wir vor allem auf die Bed\u00fcrfnisse unserer Kunden. Wir organisieren die Sanierung Ihrer Objekte so, dass Ihr interner Betriebsablauf m\u00f6glichst ohne Einschr\u00e4nkungen fortgesetzt werden kann. So konnten wir viele unserer Bauwerke f\u00fcr sich selbst sprechen lassen. Jahrzehntelange Erfahrung und zahlreiche umgesetzte Projekte bilden den Grundstein unserer [&hellip;]<\/p>\n","protected":false},"author":1,"featured_media":0,"parent":0,"menu_order":0,"comment_status":"closed","ping_status":"closed","template":"","meta":{"footnotes":""},"class_list":["post-43","page","type-page","status-publish","hentry","wpbf-post"],"yoast_head":"<!-- This site is optimized with the Yoast SEO plugin v26.8 - https:\/\/yoast.com\/product\/yoast-seo-wordpress\/ -->\n<title>Unsere Leistungen - SAR GmbH - HOCH UND TIEFBAU<\/title>\n<meta name=\"robots\" content=\"index, follow, max-snippet:-1, max-image-preview:large, max-video-preview:-1\" \/>\n<link rel=\"canonical\" href=\"https:\/\/sarbaugmbh.de\/?page_id=43\" \/>\n<meta property=\"og:locale\" content=\"de_DE\" \/>\n<meta property=\"og:type\" content=\"article\" \/>\n<meta property=\"og:title\" content=\"Unsere Leistungen - SAR GmbH - HOCH UND TIEFBAU\" \/>\n<meta property=\"og:description\" content=\"Ein besonderes Augenmerk bei der Umsetzung unserer Auftr\u00e4ge, legen wir vor allem auf die Bed\u00fcrfnisse unserer Kunden. Wir organisieren die Sanierung Ihrer Objekte so, dass Ihr interner Betriebsablauf m\u00f6glichst ohne Einschr\u00e4nkungen fortgesetzt werden kann. So konnten wir viele unserer Bauwerke f\u00fcr sich selbst sprechen lassen. Jahrzehntelange Erfahrung und zahlreiche umgesetzte Projekte bilden den Grundstein unserer [&hellip;]\" \/>\n<meta property=\"og:url\" content=\"https:\/\/sarbaugmbh.de\/?page_id=43\" \/>\n<meta property=\"og:site_name\" content=\"SAR GmbH - HOCH UND TIEFBAU\" \/>\n<meta property=\"article:modified_time\" content=\"2022-10-26T21:10:46+00:00\" \/>\n<meta property=\"og:image\" content=\"https:\/\/sarbaugmbh.de\/wp-content\/uploads\/2020\/03\/2463445_w-1024x268.jpg\" \/>\n<meta name=\"twitter:card\" content=\"summary_large_image\" \/>\n<meta name=\"twitter:label1\" content=\"Gesch\u00e4tzte Lesezeit\" \/>\n\t<meta name=\"twitter:data1\" content=\"2\u00a0Minuten\" \/>\n<script type=\"application\/ld+json\" class=\"yoast-schema-graph\">{\"@context\":\"https:\/\/schema.org\",\"@graph\":[{\"@type\":\"WebPage\",\"@id\":\"https:\/\/sarbaugmbh.de\/?page_id=43\",\"url\":\"https:\/\/sarbaugmbh.de\/?page_id=43\",\"name\":\"Unsere Leistungen - SAR GmbH - HOCH UND TIEFBAU\",\"isPartOf\":{\"@id\":\"https:\/\/sarbaugmbh.de\/#website\"},\"primaryImageOfPage\":{\"@id\":\"https:\/\/sarbaugmbh.de\/?page_id=43#primaryimage\"},\"image\":{\"@id\":\"https:\/\/sarbaugmbh.de\/?page_id=43#primaryimage\"},\"thumbnailUrl\":\"https:\/\/sarbaugmbh.de\/wp-content\/uploads\/2020\/03\/2463445_w-1024x268.jpg\",\"datePublished\":\"2020-03-25T11:47:39+00:00\",\"dateModified\":\"2022-10-26T21:10:46+00:00\",\"breadcrumb\":{\"@id\":\"https:\/\/sarbaugmbh.de\/?page_id=43#breadcrumb\"},\"inLanguage\":\"de\",\"potentialAction\":[{\"@type\":\"ReadAction\",\"target\":[\"https:\/\/sarbaugmbh.de\/?page_id=43\"]}]},{\"@type\":\"ImageObject\",\"inLanguage\":\"de\",\"@id\":\"https:\/\/sarbaugmbh.de\/?page_id=43#primaryimage\",\"url\":\"https:\/\/sarbaugmbh.de\/wp-content\/uploads\/2020\/03\/2463445_w.jpg\",\"contentUrl\":\"https:\/\/sarbaugmbh.de\/wp-content\/uploads\/2020\/03\/2463445_w.jpg\",\"width\":2523,\"height\":660},{\"@type\":\"BreadcrumbList\",\"@id\":\"https:\/\/sarbaugmbh.de\/?page_id=43#breadcrumb\",\"itemListElement\":[{\"@type\":\"ListItem\",\"position\":1,\"name\":\"Startseite\",\"item\":\"https:\/\/sarbaugmbh.de\/\"},{\"@type\":\"ListItem\",\"position\":2,\"name\":\"UNSERE LEISTUNGEN\"}]},{\"@type\":\"WebSite\",\"@id\":\"https:\/\/sarbaugmbh.de\/#website\",\"url\":\"https:\/\/sarbaugmbh.de\/\",\"name\":\"SAR GmbH - HOCH UND TIEFBAU\",\"description\":\"\",\"publisher\":{\"@id\":\"https:\/\/sarbaugmbh.de\/#organization\"},\"potentialAction\":[{\"@type\":\"SearchAction\",\"target\":{\"@type\":\"EntryPoint\",\"urlTemplate\":\"https:\/\/sarbaugmbh.de\/?s={search_term_string}\"},\"query-input\":{\"@type\":\"PropertyValueSpecification\",\"valueRequired\":true,\"valueName\":\"search_term_string\"}}],\"inLanguage\":\"de\"},{\"@type\":\"Organization\",\"@id\":\"https:\/\/sarbaugmbh.de\/#organization\",\"name\":\"SAR GmbH - HOCH UND TIEFBAU\",\"url\":\"https:\/\/sarbaugmbh.de\/\",\"logo\":{\"@type\":\"ImageObject\",\"inLanguage\":\"de\",\"@id\":\"https:\/\/sarbaugmbh.de\/#\/schema\/logo\/image\/\",\"url\":\"https:\/\/sarbaugmbh.de\/wp-content\/uploads\/2021\/07\/cropped-sar-gmbh-logo-1.png\",\"contentUrl\":\"https:\/\/sarbaugmbh.de\/wp-content\/uploads\/2021\/07\/cropped-sar-gmbh-logo-1.png\",\"width\":800,\"height\":304,\"caption\":\"SAR GmbH - HOCH UND TIEFBAU\"},\"image\":{\"@id\":\"https:\/\/sarbaugmbh.de\/#\/schema\/logo\/image\/\"}}]}<\/script>\n<!-- \/ Yoast SEO plugin. -->","yoast_head_json":{"title":"Unsere Leistungen - SAR GmbH - HOCH UND TIEFBAU","robots":{"index":"index","follow":"follow","max-snippet":"max-snippet:-1","max-image-preview":"max-image-preview:large","max-video-preview":"max-video-preview:-1"},"canonical":"https:\/\/sarbaugmbh.de\/?page_id=43","og_locale":"de_DE","og_type":"article","og_title":"Unsere Leistungen - SAR GmbH - HOCH UND TIEFBAU","og_description":"Ein besonderes Augenmerk bei der Umsetzung unserer Auftr\u00e4ge, legen wir vor allem auf die Bed\u00fcrfnisse unserer Kunden. Wir organisieren die Sanierung Ihrer Objekte so, dass Ihr interner Betriebsablauf m\u00f6glichst ohne Einschr\u00e4nkungen fortgesetzt werden kann. So konnten wir viele unserer Bauwerke f\u00fcr sich selbst sprechen lassen. Jahrzehntelange Erfahrung und zahlreiche umgesetzte Projekte bilden den Grundstein unserer [&hellip;]","og_url":"https:\/\/sarbaugmbh.de\/?page_id=43","og_site_name":"SAR GmbH - HOCH UND TIEFBAU","article_modified_time":"2022-10-26T21:10:46+00:00","og_image":[{"url":"https:\/\/sarbaugmbh.de\/wp-content\/uploads\/2020\/03\/2463445_w-1024x268.jpg","type":"","width":"","height":""}],"twitter_card":"summary_large_image","twitter_misc":{"Gesch\u00e4tzte Lesezeit":"2\u00a0Minuten"},"schema":{"@context":"https:\/\/schema.org","@graph":[{"@type":"WebPage","@id":"https:\/\/sarbaugmbh.de\/?page_id=43","url":"https:\/\/sarbaugmbh.de\/?page_id=43","name":"Unsere Leistungen - SAR GmbH - HOCH UND TIEFBAU","isPartOf":{"@id":"https:\/\/sarbaugmbh.de\/#website"},"primaryImageOfPage":{"@id":"https:\/\/sarbaugmbh.de\/?page_id=43#primaryimage"},"image":{"@id":"https:\/\/sarbaugmbh.de\/?page_id=43#primaryimage"},"thumbnailUrl":"https:\/\/sarbaugmbh.de\/wp-content\/uploads\/2020\/03\/2463445_w-1024x268.jpg","datePublished":"2020-03-25T11:47:39+00:00","dateModified":"2022-10-26T21:10:46+00:00","breadcrumb":{"@id":"https:\/\/sarbaugmbh.de\/?page_id=43#breadcrumb"},"inLanguage":"de","potentialAction":[{"@type":"ReadAction","target":["https:\/\/sarbaugmbh.de\/?page_id=43"]}]},{"@type":"ImageObject","inLanguage":"de","@id":"https:\/\/sarbaugmbh.de\/?page_id=43#primaryimage","url":"https:\/\/sarbaugmbh.de\/wp-content\/uploads\/2020\/03\/2463445_w.jpg","contentUrl":"https:\/\/sarbaugmbh.de\/wp-content\/uploads\/2020\/03\/2463445_w.jpg","width":2523,"height":660},{"@type":"BreadcrumbList","@id":"https:\/\/sarbaugmbh.de\/?page_id=43#breadcrumb","itemListElement":[{"@type":"ListItem","position":1,"name":"Startseite","item":"https:\/\/sarbaugmbh.de\/"},{"@type":"ListItem","position":2,"name":"UNSERE LEISTUNGEN"}]},{"@type":"WebSite","@id":"https:\/\/sarbaugmbh.de\/#website","url":"https:\/\/sarbaugmbh.de\/","name":"SAR GmbH - HOCH UND TIEFBAU","description":"","publisher":{"@id":"https:\/\/sarbaugmbh.de\/#organization"},"potentialAction":[{"@type":"SearchAction","target":{"@type":"EntryPoint","urlTemplate":"https:\/\/sarbaugmbh.de\/?s={search_term_string}"},"query-input":{"@type":"PropertyValueSpecification","valueRequired":true,"valueName":"search_term_string"}}],"inLanguage":"de"},{"@type":"Organization","@id":"https:\/\/sarbaugmbh.de\/#organization","name":"SAR GmbH - HOCH UND TIEFBAU","url":"https:\/\/sarbaugmbh.de\/","logo":{"@type":"ImageObject","inLanguage":"de","@id":"https:\/\/sarbaugmbh.de\/#\/schema\/logo\/image\/","url":"https:\/\/sarbaugmbh.de\/wp-content\/uploads\/2021\/07\/cropped-sar-gmbh-logo-1.png","contentUrl":"https:\/\/sarbaugmbh.de\/wp-content\/uploads\/2021\/07\/cropped-sar-gmbh-logo-1.png","width":800,"height":304,"caption":"SAR GmbH - HOCH UND TIEFBAU"},"image":{"@id":"https:\/\/sarbaugmbh.de\/#\/schema\/logo\/image\/"}}]}},"_links":{"self":[{"href":"https:\/\/sarbaugmbh.de\/index.php?rest_route=\/wp\/v2\/pages\/43","targetHints":{"allow":["GET"]}}],"collection":[{"href":"https:\/\/sarbaugmbh.de\/index.php?rest_route=\/wp\/v2\/pages"}],"about":[{"href":"https:\/\/sarbaugmbh.de\/index.php?rest_route=\/wp\/v2\/types\/page"}],"author":[{"embeddable":true,"href":"https:\/\/sarbaugmbh.de\/index.php?rest_route=\/wp\/v2\/users\/1"}],"replies":[{"embeddable":true,"href":"https:\/\/sarbaugmbh.de\/index.php?rest_route=%2Fwp%2Fv2%2Fcomments&post=43"}],"version-history":[{"count":11,"href":"https:\/\/sarbaugmbh.de\/index.php?rest_route=\/wp\/v2\/pages\/43\/revisions"}],"predecessor-version":[{"id":242,"href":"https:\/\/sarbaugmbh.de\/index.php?rest_route=\/wp\/v2\/pages\/43\/revisions\/242"}],"wp:attachment":[{"href":"https:\/\/sarbaugmbh.de\/index.php?rest_route=%2Fwp%2Fv2%2Fmedia&parent=43"}],"curies":[{"name":"wp","href":"https:\/\/api.w.org\/{rel}","templated":true}]}}